-4*m(k) - 9*v(k). List the prime factors of l(-14).
2, 19
Suppose -15*i = -2*i - 39. Suppose 4*b = -i*c + b + 168, -5*c + 272 = -3*b. What are the prime factors of c?
5, 11
List the prime factors of 8/(96/10332) - 0.
3, 7, 41
Suppose 2*o - 19 + 11 = -b, o = 5*b + 4. Suppose 31*n - 28*n - 2*r - 3405 = b, 3*r + 5675 = 5*n. List the prime factors of n.
5, 227
Let y = -180 - -935. Suppose 3*n + 1484 = 2*q, n = -q - 4*n + y. What are the prime factors of q?
5, 149
Suppose 4*q - 35 = -q. Let p be 130/(-39)*897/(-26). Suppose 8*z - q*z = p. What are the prime factors of z?
5, 23
Suppose h = -4*i + 2504, -5*i = 4*h - 3269 - 6703. Suppose h + 3872 = 6*v. What are the prime factors of v?
2, 5, 53
List the prime factors of (-4706097)/(-117) - (-118)/(-2301).
19, 29, 73
Suppose 4*v + 145 = 109. List the prime factors of (v/(180/16))/(10/(-9025)).
2, 19
Suppose 3*w + 23 = 5*z, w - 6*w - 5 = 0. Suppose z*d = -b + 3, 2*d + 6 = -2*b - 0*b. List the prime factors of (d/4)/((-3)/(-324)).
2, 3
Let y(t) = -14*t**2 - 12*t - 16. Let p be y(-8). List the prime factors of (6/(-4))/(9/p).
2, 17
Let m(i) = -i**2 - 8*i + 57. Let q be m(5). Let j(s) = s**3 + 17*s**2 - 3*s - 21. List the prime factors of j(q).
3, 193
Suppose 0 = -2*g + 12*g + 30. Let v be (-2034)/(-8) - 1/(4/g). Let b = v - 120. List the prime factors of b.
3, 5
Let o be 5/(100/(-92)) - 4/10. Let b = -7 - o. List the prime factors of (-1 - -11)*(3 - 10/b).
2, 5
Suppose 2*s - 5*s - 28882 = 5*u, -5*s + 5*u - 48110 = 0. List the prime factors of (-28)/20 + s/(-10).
31
Let w = -7479 - -25299. What are the prime factors of w?
2, 3, 5, 11
Let y(m) = 110*m + 1 + 8*m**2 - 105*m - 8. List the prime factors of y(6).
311
Let s(v) = 7*v**2 + 3*v - 15. Let x be s(-4). Suppose 88*w - 1845 = x*w. What are the prime factors of w?
3, 5, 41
Let t(b) = 17*b + 24*b + 11*b**2 + 15*b - 59*b + 24. List the prime factors of t(6).
2, 3, 67
Let v(f) = 9*f**2 - 47*f + 9. Suppose -3*t - 56 = -8*t + 4*l, 2*t - 28 = 3*l. Let u be v(t). Let d = u + -4. What are the prime factors of d?
5, 41
Let a(q) = q**2 + 1. Let m(j) = j + 1. Let i(g) = a(g) + m(g). Let s be i(0). Let f(l) = 6*l**3 - 2*l + 1. What are the prime factors of f(s)?
3, 5
Let r be (-227)/7 - 24/(-56). Let n(k) = -k**3 - 34*k**2 - 92*k + 54. List the prime factors of n(r).
2, 5, 19
Suppose -3*b - 4*r = -319, 3*b + 2*b + 5*r = 525. Let k = b + -63. Suppose -5*t - 5*c + 200 = 0, 5*t - 4*c - k = 126. What are the prime factors of t?
2, 3
Let g(w) = 5*w**2 - 10*w + 12. Let s be g(9). Suppose -7*m + 1500 = -s. Let p = -13 + m. What are the prime factors of p?
2, 31
Let w(i) = 22*i**3 + 8*i**2 - 34*i + 105. What are the prime factors of w(6)?
3, 61
Suppose -s - 2 + 8 = q, -2*q - 6 = 0. Suppose 4*f - c - 820 = 0, s*f - 6*f + c - 608 = 0. List the prime factors of f.
2, 3, 17
What are the prime factors of (-864141 - -5)/(-14) + 1 + -5?
2, 5, 1543
Let z be (-4)/14*(-84)/(-12). Suppose -3*o - 3*o = 42. List the prime factors of (o/((-63)/12))/(z/(-57)).
2, 19
Let y = 146 + -144. Let v(h) = 139*h**2 + 7*h - 1. What are the prime factors of v(y)?
569
Let a = -45 - -49. Suppose 2*n = a*n + 6. List the prime factors of 36 - 4/2 - (-12)/n.
2, 3, 5
Suppose 57*c = 5*c - 21*c + 1958590. What are the prime factors of c?
2, 5, 2683
List the prime factors of (-5 - -6)/((-1)/3)*-11122.
2, 3, 67, 83
Let j be (-328)/(-18) + 18/(-81). Suppose j*h - 7609 = 6611. List the prime factors of h.
2, 5, 79
Let l(i) = -27*i + 25. Let m(p) = 1. Let y(u) = -l(u) + m(u). Let q be 2 - (2 + 1 + -10). List the prime factors of y(q).
3, 73
Let j = -18467 + 47391. List the prime factors of j.
2, 7, 1033
Let k be (2/10)/((-1)/5). Let t = k + 6. Suppose -5*h + 5*c = -140, t*h - 45 = 3*c + 99. What are the prime factors of h?
2, 3, 5
Let i = -23011 + 24003. List the prime factors of i.
2, 31
Suppose -454*f = -441*f - 62972. What are the prime factors of f?
2, 7, 173
Let f(p) = -p + 16. Let a be f(7). Suppose -23*j = -a*j - 1876. List the prime factors of j.
2, 67
Let n = 56 + -53. Suppose 0 = -6*h + n*h - 9. List the prime factors of (-361)/h + (-9)/((-108)/8).
11
Let b = 196 + -149. Suppose 0 = -y + 52 + b. List the prime factors of y.
3, 11
Let c(f) = -f**3 - 6*f**2 - 6*f - 25. Suppose 266 = -7*k + 182. List the prime factors of c(k).
911
Let c(p) = 4018*p**3 - p**2 + 128*p - 262. What are the prime factors of c(2)?
2, 16067
Suppose -16*b + 149 = 5. What are the prime factors of (258/b)/(5/270)?
2, 3, 43
Let k be (-19)/57 - 421/(-3). Let j = k + 86. Suppose -5*d = -3*d - j. List the prime factors of d.
113
Let v(l) = l**3 - 16*l**2 - 14*l - 34. Let t be v(17). Suppose -t*z = z - 8280. What are the prime factors of z?
2, 5, 23
List the prime factors of (-17 - 733238/110)/(((-2)/(-5))/(-1)).
3, 5569
Let r(z) = -32*z - 61. Let s be r(20). Let f = s - -1031. List the prime factors of f.
2, 3, 5, 11
List the prime factors of (-18)/39*-13 - (-8731 - 1).
2, 17, 257
Let c(z) = -169*z + 79. Let o be c(-5). List the prime factors of -2 + -1 - (o*5)/(-12).
2, 191
Suppose -m - 4*i = -9, 4*i + i = -m + 9. Suppose 12*c - m*c = -6. List the prime factors of 10127/91 - c/(-7).
3, 37
Let j = -8987 - -24532. What are the prime factors of j?
5, 3109
Let f = 377 + -370. Suppose -f*h + 1082 = -5295. List the prime factors of h.
911
Suppose 12 = 4*d + 2*d. Let t be (46 - 1)/((-4)/d + 3). Suppose 3*n + t = 6*u - 5*u, -35 = -u + n. What are the prime factors of u?
2, 3, 5
Suppose 0 = 35*u - 229555 + 82765. List the prime factors of u.
2, 3, 233
Let j(a) = 5*a**2 - 75*a - 67. Let o(f) = 2*f**2 - 37*f - 34. Let t(x) = 3*j(x) - 5*o(x). List the prime factors of t(18).
11, 79
Suppose -5*c + 6 = -14. Let b(m) = 2*m - 11. Let j be b(c). List the prime factors of (-2760)/(-18) - (-1)/j.
3, 17
Let v = -5 - -9. Suppose 4*b = v*h - 488, 0*h - h + 2*b = -119. Let w = h - 89. List the prime factors of w.
2, 3
Suppose 6*x + 3 = 15. Suppose -x*f + 1 = -f - 3*u, f + 3*u = -5. What are the prime factors of f + (1 + 6)*5?
3, 11
Suppose -341 = 5*o + 129. Let t = o + 97. Suppose -h + t = 0, 0 = -2*s + 4*h + 14 + 14. List the prime factors of s.
2, 5
Let r(k) = 118*k - 433. List the prime factors of r(11).
5, 173
Suppose -5*o + 23540 = 2*y, -23515 = -5*o - 41*y + 44*y. List the prime factors of o.
2, 13, 181
Suppose -4*d - 5*f = -38855, 7 - 22 = -5*f. What are the prime factors of d?
2, 5, 971
Let i(p) = 39*p**2 - 16*p - 28. Let d be i(-7). Suppose d = 12*r - 729. List the prime factors of r.
227
Let l(c) = 31*c**2 - 56*c - 64. List the prime factors of l(21).
31, 401
Let m(s) be the third derivative of -11*s**4/24 - 29*s**3/6 + 15*s**2. Suppose -5*r = 5*l + 60, -4*r - 3*l - 53 = -5. List the prime factors of m(r).
103
Let v(d) = d**3 - 9*d**2 - 29*d + 10. Let f be v(12). Let r = f - 90. Suppose 4*y + 136 = 4*t - 748, r*t + 3*y - 856 = 0. List the prime factors of t.
7, 31
Let k(u) = -532*u - 2674. What are the prime factors of k(-50)?
2, 7, 1709
Let g = 37669 + -31475. List the prime factors of g.
2, 19, 163
Let x be 13/(-22)*2 - (-120)/660. What are the prime factors of (-121)/(-2 + 0 - x)?
11
Let l(i) = 5438*i + 2314. What are the prime factors of l(5)?
2, 461
Suppose -3*s + 12 = 0, 2*s - 5 + 2 = -5*h. What are the prime factors of (0 + h)*(-336 - 0)?
2, 3, 7
Let z(t) = 17*t**2 - 8*t + 8. Let h = 166 + -163. What are the prime factors of z(h)?
137
Let v = -1486 - -3302. Suppose 12*u - 15376 + v = 0. List the prime factors of u.
2, 5, 113
Let d be 14*(6 + (-287)/49). Suppose c + d*c = 3*o - 3657, -5*o - 2*c = -6081. What are the prime factors of o?
1217
Suppose -2*b = 3*b - 1180. Suppose 0 = 7*f - 324 - b. What are the prime factors of (-1)/(-3)*(f*4 - -1)?
107
Let c(t) = t**3 - 10*t**2 - 13*t + 36. Suppose 3*i - 15 = -2*i. Suppose 9 = -i*v, 3*m - 4*v = -2*v + 42. What are the prime factors of c(m)?
2, 3, 7
What are the prime factors of ((-39)/104)/((-6)/90256)?
5641
Let j = 71680 + -45218. List the prime factors of j.
2, 101, 131
Let m be 42/98 - 72/(-28). Suppose m*a + 10*s - 8*s = 4736, a + 2*s - 1580 = 0. List the prime factors of a.
2, 3, 263
Let a = -7 - -1. Let j be (a - -3)/1 - -6. Let x(u) = 4*u**3 - 5*u**2 + 9*u - 7. List the prime factors of x(j).
83
Suppose -3*y - 3 = 4*p + 1, -12 = y + 4*p. Suppose -8*k + 20 = -y*k, 5*r - 560 = -2*k. List